en 1560 is divided by 488?
96
What is the remainder when 172673 is divided by 1515?
1478
What is the remainder when 1250 is divided by 303?
38
Calculate the remainder when 6631 is divided by 2530.
1571
What is the remainder when 987 is divided by 317?
36
Calculate the remainder when 43385 is divided by 1807.
17
What is the remainder when 250603 is divided by 276?
271
Calculate the remainder when 20787 is divided by 20780.
7
What is the remainder when 294972 is divided by 704?
700
What is the remainder when 46611 is divided by 51?
48
Calculate the remainder when 7206 is divided by 153.
15
What is the remainder when 1087642 is divided by 699?
697
What is the remainder when 21113 is divided by 1624?
1
What is the remainder when 76521 is divided by 7652?
1
Calculate the remainder when 328933 is divided by 109640.
13
Calculate the remainder when 3509 is divided by 216.
53
What is the remainder when 20509 is divided by 73?
69
What is the remainder when 2594 is divided by 176?
130
What is the remainder when 23001 is divided by 264?
33
What is the remainder when 4026 is divided by 167?
18
Calculate the remainder when 326276 is divided by 14.
6
Calculate the remainder when 12351 is divided by 58.
55
What is the remainder when 4298 is divided by 4279?
19
What is the remainder when 987 is divided by 739?
248
What is the remainder when 114369 is divided by 5718?
9
What is the remainder when 18074 is divided by 517?
496
Calculate the remainder when 88982 is divided by 481.
478
Calculate the remainder when 128735 is divided by 128718.
17
Calculate the remainder when 53760 is divided by 261.
255
Calculate the remainder when 41807 is divided by 21.
17
What is the remainder when 2916 is divided by 968?
12
What is the remainder when 287739 is divided by 527?
524
What is the remainder when 2923 is divided by 726?
19
What is the remainder when 11996 is divided by 921?
23
What is the remainder when 39878 is divided by 34?
30
Calculate the remainder when 24920 is divided by 35.
0
What is the remainder when 4147 is divided by 218?
5
Calculate the remainder when 95254 is divided by 9.
7
What is the remainder when 1040 is divided by 33?
17
Calculate the remainder when 1934 is divided by 937.
60
Calculate the remainder when 34229 is divided by 40.
29
What is the remainder when 1156 is divided by 291?
283
Calculate the remainder when 98114 is divided by 591.
8
What is the remainder when 50252 is divided by 20?
12
Calculate the remainder when 2694872 is divided by 1139.
1137
Calculate the remainder when 571505 is divided by 34.
33
Calculate the remainder when 17840 is divided by 71.
19
Calculate the remainder when 3141 is divided by 3135.
6
What is the remainder when 61227 is divided by 62?
33
Calculate the remainder when 87694 is divided by 126.
124
Calculate the remainder when 1164 is divided by 136.
76
Calculate the remainder when 2913 is divided by 3.
0
What is the remainder when 13128 is divided by 1748?
892
Calculate the remainder when 6319 is divided by 1851.
766
What is the remainder when 24191 is divided by 189?
188
What is the remainder when 45324 is divided by 118?
12
Calculate the remainder when 10371 is divided by 5136.
99
What is the remainder when 263708 is divided by 82?
78
Calculate the remainder when 1368 is divided by 373.
249
Calculate the remainder when 1374 is divided by 825.
549
Calculate the remainder when 4764 is divided by 545.
404
What is the remainder when 38878 is divided by 385?
378
What is the remainder when 114341 is divided by 65?
6
Calculate the remainder when 126391 is divided by 890.
11
Calculate the remainder when 3098 is divided by 3097.
1
Calculate the remainder when 6254 is divided by 284.
6
Calculate the remainder when 10198 is divided by 75.
73
Calculate the remainder when 20035 is divided by 575.
485
What is the remainder when 1120 is divided by 9?
4
Calculate the remainder when 255558 is divided by 20.
18
Calculate the remainder when 241613 is divided by 18.
17
Calculate the remainder when 35125 is divided by 239.
231
What is the remainder when 6972 is divided by 1741?
8
Calculate the remainder when 780 is divided by 249.
33
What is the remainder when 11013 is divided by 440?
13
What is the remainder when 15199 is divided by 3038?
9
What is the remainder when 6711 is divided by 3349?
13
Calculate the remainder when 458069 is divided by 708.
701
Calculate the remainder when 84957 is divided by 20.
17
Calculate the remainder when 353 is divided by 320.
33
Calculate the remainder when 84343 is divided by 16807.
308
What is the remainder when 64099 is divided by 241?
234
Calculate the remainder when 37439 is divided by 208.
207
What is the remainder when 2095 is divided by 259?
23
What is the remainder when 4347 is divided by 145?
142
What is the remainder when 562359 is divided by 404?
395
What is the remainder when 12572 is divided by 70?
42
What is the remainder when 57185 is divided by 137?
56
What is the remainder when 9029 is divided by 10?
9
Calculate the remainder when 212670 is divided by 25.
20
Calculate the remainder when 33438 is divided by 4009.
1366
Calculate the remainder when 14213 is divided by 1405.
163
What is the remainder when 6328 is divided by 5413?
915
Calculate the remainder when 10516 is divided by 5224.
68
Calculate the remainder when 17429 is divided by 346.
129
What is the remainder when 311853 is divided by 44550?
3
Calculate the remainder when 993 is divided by 982.
11
What is the remainder when 3378 is divided by 170?
148
What is the remainder when 55550 is divided by 7?
5
What is the remainder when 793492 is divided by 88?
84
What is the remainder when 33135 is divided by 11044?
3
Calculate the remainder when 770 is divided by 39.
29
Calculate the remainder when 36157 is divided by 226.
223
What is the remainder when 3941607 is divided by 795?
792
Calculate the remainder when 66281 is divided by 22088.
17
Calculate the remainder when 360974 is divided by 24.
14
Calculate the remainder when 3591766 is divided by 455.
451
What is the remainder when 352 is divided by 5?
2
Calculate the remainder when 46089 is divided by 19.
14
Calculate the remainder when 17562 is divided by 5854.
0
What is the remainder when 11928 is divided by 64?
24
What is the remainder when 10623 is divided by 204?
15
What is the remainder when 1365028 is divided by 569?
566
What is the remainder when 46252 is divided by 167?
160
What is the remainder when 85506 is divided by 3561?
42
What is the remainder when 418727 is divided by 104677?
19
What is the remainder when 389757 is divided by 6?
3
Calculate the remainder when 17614 is divided by 317.
179
Calculate the remainder when 9251 is divided by 4617.
17
Calculate the remainder when 140798 is divided by 50.
48
What is the remainder when 182802 is divided by 39?
9
Calculate the remainder when 51362 is divided by 1902.
8
What is the remainder when 58080 is divided by 126?
120
What is the remainder when 43020 is divided by 26?
16
What is the remainder when 2707 is divided by 681?
664
Calculate the remainder when 39428 is divided by 896.
4
Calculate the remainder when 6240 is divided by 189.
3
What is the remainder when 594843 is divided by 12931?
17
Calculate the remainder when 798186 is divided by 21.
18
What is the remainder when 139212 is divided by 318?
246
Calculate the remainder when 4897093 is divided by 1632364.
1
What is the remainder when 27241 is divided by 114?
109
What is the remainder when 2770 is divided by 513?
205
Calculate the remainder when 1961528 is divided by 1058.
1054
What is the remainder when 130107 is divided by 891?
21
Calculate the remainder when 326 is divided by 153.
20
What is the remainder when 10918 is divided by 21?
19
What is the remainder when 426777 is divided by 36?
33
What is the remainder when 289006 is divided by 48?
46
What is the remainder when 317435 is divided by 52903?
17
What is the remainder when 3143407 is divided by 230?
227
What is the remainder when 21598 is divided by 1722?
934
What is the remainder when 1055 is divided by 933?
122
What is the remainder when 7349 is divided by 242?
89
Calculate the remainder when 277806 is divided by 92582.
60
Calculate the remainder when 5200 is divided by 24.
16
Calculate the remainder w